{"id":2379,"date":"2026-01-29T20:26:53","date_gmt":"2026-01-29T20:26:53","guid":{"rendered":"https:\/\/neuronesfregides.cat\/?page_id=2379"},"modified":"2026-01-29T20:31:40","modified_gmt":"2026-01-29T20:31:40","slug":"en-ruta","status":"publish","type":"page","link":"https:\/\/neuronesfregides.cat\/index.php\/en-ruta\/","title":{"rendered":"En Ruta"},"content":{"rendered":"\n<ul class=\"wp-block-social-links has-icon-color is-style-logos-only is-content-justification-center is-layout-flex wp-container-core-social-links-is-layout-a89b3969 wp-block-social-links-is-layout-flex\"><li style=\"color:#ffffff;\" class=\"wp-social-link wp-social-link-youtube has-foreground-color wp-block-social-link\"><a href=\"https:\/\/www.youtube.com\/playlist?list=PLg3gDs4RCqdMY5iBnmypiOt10D3I53o2m\" class=\"wp-block-social-link-anchor\"><svg width=\"24\" height=\"24\" viewBox=\"0 0 24 24\" version=\"1.1\" xmlns=\"http:\/\/www.w3.org\/2000\/svg\" aria-hidden=\"true\" focusable=\"false\"><path d=\"M21.8,8.001c0,0-0.195-1.378-0.795-1.985c-0.76-0.797-1.613-0.801-2.004-0.847c-2.799-0.202-6.997-0.202-6.997-0.202 h-0.009c0,0-4.198,0-6.997,0.202C4.608,5.216,3.756,5.22,2.995,6.016C2.395,6.623,2.2,8.001,2.2,8.001S2,9.62,2,11.238v1.517 c0,1.618,0.2,3.237,0.2,3.237s0.195,1.378,0.795,1.985c0.761,0.797,1.76,0.771,2.205,0.855c1.6,0.153,6.8,0.201,6.8,0.201 s4.203-0.006,7.001-0.209c0.391-0.047,1.243-0.051,2.004-0.847c0.6-0.607,0.795-1.985,0.795-1.985s0.2-1.618,0.2-3.237v-1.517 C22,9.62,21.8,8.001,21.8,8.001z M9.935,14.594l-0.001-5.62l5.404,2.82L9.935,14.594z\"><\/path><\/svg><span class=\"wp-block-social-link-label screen-reader-text\">YouTube<\/span><\/a><\/li><\/ul>\n\n\n\n<p>EN RUTA \u00e9s un projecte divulgatiu de Divubio i cAMP divulgatiu que recorre diferents zones de Catalunya per explorar tem\u00e0tiques cient\u00edfiques a trav\u00e9s de converses amb personalitats conegudes.<\/p>\n\n\n\n<p>El projecte inclou 6 v\u00eddeos d\u2019uns 20 minuts, ambientats en sis regions del territori, amb continguts adaptats a cada zona, i peces breus per a TikTok i Instagram.<\/p>\n\n\n\n<figure class=\"wp-block-embed is-type-video is-provider-youtube wp-block-embed-youtube wp-embed-aspect-16-9 wp-has-aspect-ratio\" style=\"margin-top:var(--wp--preset--spacing--80);margin-bottom:var(--wp--preset--spacing--80)\"><div class=\"wp-block-embed__wrapper\">\n<iframe loading=\"lazy\" title=\"1a Parada: La llegenda del Timbaler del Bruc podria ser real? Les &quot;males herbes ens poden alimentar?\" width=\"500\" height=\"281\" src=\"https:\/\/www.youtube.com\/embed\/-qFryxbyc_Q?list=PLg3gDs4RCqdMY5iBnmypiOt10D3I53o2m\" frameborder=\"0\" allow=\"accelerometer; autoplay; clipboard-write; encrypted-media; gyroscope; picture-in-picture; web-share\" referrerpolicy=\"strict-origin-when-cross-origin\" allowfullscreen><\/iframe>\n<\/div><\/figure>\n\n\n\n<p>Amb el suport de:<\/p>\n\n\n\n<div class=\"wp-block-group is-nowrap is-layout-flex wp-container-core-group-is-layout-6c531013 wp-block-group-is-layout-flex\">\n<figure class=\"wp-block-image size-large wp-container-content-0892b529\"><img loading=\"lazy\" decoding=\"async\" width=\"1024\" height=\"1024\" src=\"https:\/\/neuronesfregides.cat\/wp-content\/uploads\/2026\/01\/Logotip_de_la_Plataforma_per_la_Llengua.svg-2-1024x1024.png\" alt=\"\" class=\"wp-image-2382\" srcset=\"https:\/\/neuronesfregides.cat\/wp-content\/uploads\/2026\/01\/Logotip_de_la_Plataforma_per_la_Llengua.svg-2-1024x1024.png 1024w, https:\/\/neuronesfregides.cat\/wp-content\/uploads\/2026\/01\/Logotip_de_la_Plataforma_per_la_Llengua.svg-2-300x300.png 300w, https:\/\/neuronesfregides.cat\/wp-content\/uploads\/2026\/01\/Logotip_de_la_Plataforma_per_la_Llengua.svg-2-150x150.png 150w, https:\/\/neuronesfregides.cat\/wp-content\/uploads\/2026\/01\/Logotip_de_la_Plataforma_per_la_Llengua.svg-2-768x768.png 768w, https:\/\/neuronesfregides.cat\/wp-content\/uploads\/2026\/01\/Logotip_de_la_Plataforma_per_la_Llengua.svg-2-1536x1536.png 1536w, https:\/\/neuronesfregides.cat\/wp-content\/uploads\/2026\/01\/Logotip_de_la_Plataforma_per_la_Llengua.svg-2-2048x2048.png 2048w, https:\/\/neuronesfregides.cat\/wp-content\/uploads\/2026\/01\/Logotip_de_la_Plataforma_per_la_Llengua.svg-2-600x600.png 600w, https:\/\/neuronesfregides.cat\/wp-content\/uploads\/2026\/01\/Logotip_de_la_Plataforma_per_la_Llengua.svg-2-1200x1200.png 1200w, https:\/\/neuronesfregides.cat\/wp-content\/uploads\/2026\/01\/Logotip_de_la_Plataforma_per_la_Llengua.svg-2-800x800.png 800w\" sizes=\"auto, (max-width: 1024px) 100vw, 1024px\" \/><\/figure>\n\n\n\n<figure class=\"wp-block-image size-full wp-container-content-d9f67ff0\"><img loading=\"lazy\" decoding=\"async\" width=\"540\" height=\"266\" src=\"https:\/\/neuronesfregides.cat\/wp-content\/uploads\/2026\/01\/logo_laselva_marques.png\" alt=\"\" class=\"wp-image-2384\" srcset=\"https:\/\/neuronesfregides.cat\/wp-content\/uploads\/2026\/01\/logo_laselva_marques.png 540w, https:\/\/neuronesfregides.cat\/wp-content\/uploads\/2026\/01\/logo_laselva_marques-300x148.png 300w\" sizes=\"auto, (max-width: 540px) 100vw, 540px\" \/><\/figure>\n\n\n\n<figure class=\"wp-block-image size-full\"><img loading=\"lazy\" decoding=\"async\" width=\"300\" height=\"75\" src=\"https:\/\/neuronesfregides.cat\/wp-content\/uploads\/2026\/01\/nouairelogo.jpg\" alt=\"\" class=\"wp-image-2383\"\/><\/figure>\n<\/div>\n\n\n\n<p> Plataforma per la Llengua, Embotits La Selva i UN NOUAIRE.<\/p>\n","protected":false},"excerpt":{"rendered":"<p>EN RUTA \u00e9s un projecte divulgatiu de Divubio i cAMP divulgatiu que recorre diferents zones de Catalunya per explorar tem\u00e0tiques cient\u00edfiques a trav\u00e9s de converses amb personalitats conegudes. El projecte [&hellip;]<\/p>\n","protected":false},"author":1,"featured_media":2364,"parent":0,"menu_order":0,"comment_status":"closed","ping_status":"closed","template":"wp-custom-template-descripci-de-projecte","meta":{"_EventAllDay":false,"_EventTimezone":"","_EventStartDate":"","_EventEndDate":"","_EventStartDateUTC":"","_EventEndDateUTC":"","_EventShowMap":false,"_EventShowMapLink":false,"_EventURL":"","_EventCost":"","_EventCostDescription":"","_EventCurrencySymbol":"","_EventCurrencyCode":"","_EventCurrencyPosition":"","_EventDateTimeSeparator":"","_EventTimeRangeSeparator":"","_EventOrganizerID":[],"_EventVenueID":[],"_OrganizerEmail":"","_OrganizerPhone":"","_OrganizerWebsite":"","_VenueAddress":"","_VenueCity":"","_VenueCountry":"","_VenueProvince":"","_VenueState":"","_VenueZip":"","_VenuePhone":"","_VenueURL":"","_VenueStateProvince":"","_VenueLat":"","_VenueLng":"","_VenueShowMap":false,"_VenueShowMapLink":false,"footnotes":""},"class_list":["post-2379","page","type-page","status-publish","has-post-thumbnail","hentry"],"_links":{"self":[{"href":"https:\/\/neuronesfregides.cat\/index.php\/wp-json\/wp\/v2\/pages\/2379","targetHints":{"allow":["GET"]}}],"collection":[{"href":"https:\/\/neuronesfregides.cat\/index.php\/wp-json\/wp\/v2\/pages"}],"about":[{"href":"https:\/\/neuronesfregides.cat\/index.php\/wp-json\/wp\/v2\/types\/page"}],"author":[{"embeddable":true,"href":"https:\/\/neuronesfregides.cat\/index.php\/wp-json\/wp\/v2\/users\/1"}],"replies":[{"embeddable":true,"href":"https:\/\/neuronesfregides.cat\/index.php\/wp-json\/wp\/v2\/comments?post=2379"}],"version-history":[{"count":0,"href":"https:\/\/neuronesfregides.cat\/index.php\/wp-json\/wp\/v2\/pages\/2379\/revisions"}],"wp:featuredmedia":[{"embeddable":true,"href":"https:\/\/neuronesfregides.cat\/index.php\/wp-json\/wp\/v2\/media\/2364"}],"wp:attachment":[{"href":"https:\/\/neuronesfregides.cat\/index.php\/wp-json\/wp\/v2\/media?parent=2379"}],"curies":[{"name":"wp","href":"https:\/\/api.w.org\/{rel}","templated":true}]}}

<ul class="wp-block-social-links has-icon-color is-style-logos-only is-content-justification-center is-layout-flex wp-container-core-social-links-is-layout-a89b3969 wp-block-social-links-is-layout-flex"><li style="color:#ffffff;" class="wp-social-link wp-social-link-youtube has-foreground-color wp-block-social-link"><a href="https://www.youtube.com/playlist?list=PLg3gDs4RCqdMY5iBnmypiOt10D3I53o2m" class="wp-block-social-link-anchor"><svg width="24" height="24" viewBox="0 0 24 24" version="1.1" xmlns="http://www.w3.org/2000/svg" aria-hidden="true" focusable="false"><path d="M21.8,8.001c0,0-0.195-1.378-0.795-1.985c-0.76-0.797-1.613-0.801-2.004-0.847c-2.799-0.202-6.997-0.202-6.997-0.202 h-0.009c0,0-4.198,0-6.997,0.202C4.608,5.216,3.756,5.22,2.995,6.016C2.395,6.623,2.2,8.001,2.2,8.001S2,9.62,2,11.238v1.517 c0,1.618,0.2,3.237,0.2,3.237s0.195,1.378,0.795,1.985c0.761,0.797,1.76,0.771,2.205,0.855c1.6,0.153,6.8,0.201,6.8,0.201 s4.203-0.006,7.001-0.209c0.391-0.047,1.243-0.051,2.004-0.847c0.6-0.607,0.795-1.985,0.795-1.985s0.2-1.618,0.2-3.237v-1.517 C22,9.62,21.8,8.001,21.8,8.001z M9.935,14.594l-0.001-5.62l5.404,2.82L9.935,14.594z"></path></svg><span class="wp-block-social-link-label screen-reader-text">YouTube</span></a></li></ul>



<p>EN RUTA és un projecte divulgatiu de Divubio i cAMP divulgatiu que recorre diferents zones de Catalunya per explorar temàtiques científiques a través de converses amb personalitats conegudes.</p>



<p>El projecte inclou 6 vídeos d’uns 20 minuts, ambientats en sis regions del territori, amb continguts adaptats a cada zona, i peces breus per a TikTok i Instagram.</p>



<figure class="wp-block-embed is-type-video is-provider-youtube wp-block-embed-youtube wp-embed-aspect-16-9 wp-has-aspect-ratio" style="margin-top:var(--wp--preset--spacing--80);margin-bottom:var(--wp--preset--spacing--80)"><div class="wp-block-embed__wrapper">
<iframe loading="lazy" title="1a Parada: La llegenda del Timbaler del Bruc podria ser real? Les &quot;males herbes ens poden alimentar?" width="500" height="281" src="https://www.youtube.com/embed/-qFryxbyc_Q?list=PLg3gDs4RCqdMY5iBnmypiOt10D3I53o2m" frameborder="0" allow="accelerometer; autoplay; clipboard-write; encrypted-media; gyroscope; picture-in-picture; web-share" referrerpolicy="strict-origin-when-cross-origin" allowfullscreen></iframe>
</div></figure>



<p>Amb el suport de:</p>



<div class="wp-block-group is-nowrap is-layout-flex wp-container-core-group-is-layout-6c531013 wp-block-group-is-layout-flex">
<figure class="wp-block-image size-large wp-container-content-0892b529"><img loading="lazy" decoding="async" width="1024" height="1024" src="https://neuronesfregides.cat/wp-content/uploads/2026/01/Logotip_de_la_Plataforma_per_la_Llengua.svg-2-1024x1024.png" alt="" class="wp-image-2382" srcset="https://neuronesfregides.cat/wp-content/uploads/2026/01/Logotip_de_la_Plataforma_per_la_Llengua.svg-2-1024x1024.png 1024w, https://neuronesfregides.cat/wp-content/uploads/2026/01/Logotip_de_la_Plataforma_per_la_Llengua.svg-2-300x300.png 300w, https://neuronesfregides.cat/wp-content/uploads/2026/01/Logotip_de_la_Plataforma_per_la_Llengua.svg-2-150x150.png 150w, https://neuronesfregides.cat/wp-content/uploads/2026/01/Logotip_de_la_Plataforma_per_la_Llengua.svg-2-768x768.png 768w, https://neuronesfregides.cat/wp-content/uploads/2026/01/Logotip_de_la_Plataforma_per_la_Llengua.svg-2-1536x1536.png 1536w, https://neuronesfregides.cat/wp-content/uploads/2026/01/Logotip_de_la_Plataforma_per_la_Llengua.svg-2-2048x2048.png 2048w, https://neuronesfregides.cat/wp-content/uploads/2026/01/Logotip_de_la_Plataforma_per_la_Llengua.svg-2-600x600.png 600w, https://neuronesfregides.cat/wp-content/uploads/2026/01/Logotip_de_la_Plataforma_per_la_Llengua.svg-2-1200x1200.png 1200w, https://neuronesfregides.cat/wp-content/uploads/2026/01/Logotip_de_la_Plataforma_per_la_Llengua.svg-2-800x800.png 800w" sizes="auto, (max-width: 1024px) 100vw, 1024px" /></figure>



<figure class="wp-block-image size-full wp-container-content-d9f67ff0"><img loading="lazy" decoding="async" width="540" height="266" src="https://neuronesfregides.cat/wp-content/uploads/2026/01/logo_laselva_marques.png" alt="" class="wp-image-2384" srcset="https://neuronesfregides.cat/wp-content/uploads/2026/01/logo_laselva_marques.png 540w, https://neuronesfregides.cat/wp-content/uploads/2026/01/logo_laselva_marques-300x148.png 300w" sizes="auto, (max-width: 540px) 100vw, 540px" /></figure>



<figure class="wp-block-image size-full"><img loading="lazy" decoding="async" width="300" height="75" src="https://neuronesfregides.cat/wp-content/uploads/2026/01/nouairelogo.jpg" alt="" class="wp-image-2383"/></figure>
</div>



<p> Plataforma per la Llengua, Embotits La Selva i UN NOUAIRE.</p>

<p>EN RUTA és un projecte divulgatiu de Divubio i cAMP divulgatiu que recorre diferents zones de Catalunya per explorar temàtiques científiques a través de converses amb personalitats conegudes. El projecte [&hellip;]</p>
