{"id":52,"date":"2023-12-07T18:29:52","date_gmt":"2023-12-07T18:29:52","guid":{"rendered":"http:\/\/neuronesfregides.cat\/?page_id=52"},"modified":"2024-02-02T20:22:41","modified_gmt":"2024-02-02T20:22:41","slug":"ampliem-el-nostre-equip","status":"publish","type":"page","link":"https:\/\/neuronesfregides.cat\/index.php\/ampliem-el-nostre-equip\/","title":{"rendered":"Ampliem el nostre equip!"},"content":{"rendered":"\n<p class=\"has-small-font-size\">Neurones Fregides som una associaci\u00f3 sense \u00e0nim de lucre compromesa amb la divulgaci\u00f3 cient\u00edfica en catal\u00e0, a trav\u00e9s de la creaci\u00f3 de contingut. Actualment volem ampliar el nostre equip incorporant noves volunt\u00e0ries amb inter\u00e8s per la divulgaci\u00f3 cient\u00edfica.<br><br>En tant que s\u00f3n posicions volunt\u00e0ries, no tenen exig\u00e8ncies, horaris ni requeriments. Malauradament, pels recursos de qu\u00e8 disposem actualment no estem en posici\u00f3 de remunerar aquestes feines. <br><br>Avui en dia cerquem ajuda amb les seg\u00fcents tasques:<\/p>\n\n\n\n<hr class=\"wp-block-separator has-alpha-channel-opacity\" style=\"margin-top:var(--wp--preset--spacing--60);margin-bottom:var(--wp--preset--spacing--60)\"\/>\n\n\n\n<h3 class=\"wp-block-heading\">Gesti\u00f3 de xarxes socials<\/h3>\n\n\n\n<p class=\"has-small-font-size\">Estem cercant una persona que ens ajudi a gestionar i coordinar les diferents xarxes socials de Neurones Fregides. <br><br>Les tasques en qu\u00e8 ajudar inclouen el manteniment de les xarxes socials, el foment de la interacci\u00f3 a trav\u00e9s d\u2019elles, la difusi\u00f3 dels continguts dels projectes de Neurones Fregides i la coordinaci\u00f3 i\/o proposta de contingut per aquests projectes. Es valorar\u00e0 positivament el coneixement d\u2019Instagram, Twitter (X) i\/o TikTok.<\/p>\n\n\n\n<hr class=\"wp-block-separator has-alpha-channel-opacity\" style=\"margin-top:var(--wp--preset--spacing--60);margin-bottom:var(--wp--preset--spacing--60)\"\/>\n\n\n\n<p class=\"has-small-font-size\">Si tens la voluntat de divulgar ci\u00e8ncia per\u00f2 no et veus amb la capacitat de comen\u00e7ar el teu propi projecte, potser amb nosaltres pots encaixar! <br><br>Si tens ganes de formar part de la plataforma, escriu-nos un correu a <strong>neuronesfregides@gmail.com <\/strong>i estarem encantats de con\u00e8ixer-te.<br><br><\/p>\n","protected":false},"excerpt":{"rendered":"<p>Neurones Fregides som una associaci\u00f3 sense \u00e0nim de lucre compromesa amb la divulgaci\u00f3 cient\u00edfica en catal\u00e0, a trav\u00e9s de la creaci\u00f3 de contingut. Actualment volem ampliar el nostre equip incorporant [&hellip;]<\/p>\n","protected":false},"author":1,"featured_media":0,"parent":0,"menu_order":0,"comment_status":"closed","ping_status":"closed","template":"","meta":{"_EventAllDay":false,"_EventTimezone":"","_EventStartDate":"","_EventEndDate":"","_EventStartDateUTC":"","_EventEndDateUTC":"","_EventShowMap":false,"_EventShowMapLink":false,"_EventURL":"","_EventCost":"","_EventCostDescription":"","_EventCurrencySymbol":"","_EventCurrencyCode":"","_EventCurrencyPosition":"","_EventDateTimeSeparator":"","_EventTimeRangeSeparator":"","_EventOrganizerID":[],"_EventVenueID":[],"_OrganizerEmail":"","_OrganizerPhone":"","_OrganizerWebsite":"","_VenueAddress":"","_VenueCity":"","_VenueCountry":"","_VenueProvince":"","_VenueState":"","_VenueZip":"","_VenuePhone":"","_VenueURL":"","_VenueStateProvince":"","_VenueLat":"","_VenueLng":"","_VenueShowMap":false,"_VenueShowMapLink":false,"footnotes":""},"class_list":["post-52","page","type-page","status-publish","hentry"],"_links":{"self":[{"href":"https:\/\/neuronesfregides.cat\/index.php\/wp-json\/wp\/v2\/pages\/52","targetHints":{"allow":["GET"]}}],"collection":[{"href":"https:\/\/neuronesfregides.cat\/index.php\/wp-json\/wp\/v2\/pages"}],"about":[{"href":"https:\/\/neuronesfregides.cat\/index.php\/wp-json\/wp\/v2\/types\/page"}],"author":[{"embeddable":true,"href":"https:\/\/neuronesfregides.cat\/index.php\/wp-json\/wp\/v2\/users\/1"}],"replies":[{"embeddable":true,"href":"https:\/\/neuronesfregides.cat\/index.php\/wp-json\/wp\/v2\/comments?post=52"}],"version-history":[{"count":0,"href":"https:\/\/neuronesfregides.cat\/index.php\/wp-json\/wp\/v2\/pages\/52\/revisions"}],"wp:attachment":[{"href":"https:\/\/neuronesfregides.cat\/index.php\/wp-json\/wp\/v2\/media?parent=52"}],"curies":[{"name":"wp","href":"https:\/\/api.w.org\/{rel}","templated":true}]}}

<p class="has-small-font-size">Neurones Fregides som una associació sense ànim de lucre compromesa amb la divulgació científica en català, a través de la creació de contingut. Actualment volem ampliar el nostre equip incorporant noves voluntàries amb interès per la divulgació científica.<br><br>En tant que són posicions voluntàries, no tenen exigències, horaris ni requeriments. Malauradament, pels recursos de què disposem actualment no estem en posició de remunerar aquestes feines. <br><br>Avui en dia cerquem ajuda amb les següents tasques:</p>



<hr class="wp-block-separator has-alpha-channel-opacity" style="margin-top:var(--wp--preset--spacing--60);margin-bottom:var(--wp--preset--spacing--60)"/>



<h3 class="wp-block-heading">Gestió de xarxes socials</h3>



<p class="has-small-font-size">Estem cercant una persona que ens ajudi a gestionar i coordinar les diferents xarxes socials de Neurones Fregides. <br><br>Les tasques en què ajudar inclouen el manteniment de les xarxes socials, el foment de la interacció a través d’elles, la difusió dels continguts dels projectes de Neurones Fregides i la coordinació i/o proposta de contingut per aquests projectes. Es valorarà positivament el coneixement d’Instagram, Twitter (X) i/o TikTok.</p>



<hr class="wp-block-separator has-alpha-channel-opacity" style="margin-top:var(--wp--preset--spacing--60);margin-bottom:var(--wp--preset--spacing--60)"/>



<p class="has-small-font-size">Si tens la voluntat de divulgar ciència però no et veus amb la capacitat de començar el teu propi projecte, potser amb nosaltres pots encaixar! <br><br>Si tens ganes de formar part de la plataforma, escriu-nos un correu a <strong>neuronesfregides@gmail.com </strong>i estarem encantats de conèixer-te.<br><br></p>

<p>Neurones Fregides som una associació sense ànim de lucre compromesa amb la divulgació científica en català, a través de la creació de contingut. Actualment volem ampliar el nostre equip incorporant [&hellip;]</p>
