{"id":210,"date":"2024-02-02T19:22:34","date_gmt":"2024-02-02T19:22:34","guid":{"rendered":"https:\/\/neuronesfregides.cat\/?post_type=tribe_events&#038;p=210"},"modified":"2024-02-02T19:26:09","modified_gmt":"2024-02-02T19:26:09","slug":"som-el-futur-els-i-les-joves-parlem-de-la-ciencia","status":"publish","type":"tribe_events","link":"https:\/\/neuronesfregides.cat\/index.php\/event\/som-el-futur-els-i-les-joves-parlem-de-la-ciencia\/","title":{"rendered":"Som el futur: els i les joves parlem de la ci\u00e8ncia"},"content":{"rendered":"<p>&nbsp;<\/p>\n<p><img loading=\"lazy\" decoding=\"async\" class=\"wp-image-211 aligncenter\" src=\"http:\/\/neuronesfregides.cat\/wp-content\/uploads\/2024\/02\/shelagh-murphy-xy1oUOqobFA-unsplash-300x200.jpg\" alt=\"\" width=\"558\" height=\"372\" srcset=\"https:\/\/neuronesfregides.cat\/wp-content\/uploads\/2024\/02\/shelagh-murphy-xy1oUOqobFA-unsplash-300x200.jpg 300w, https:\/\/neuronesfregides.cat\/wp-content\/uploads\/2024\/02\/shelagh-murphy-xy1oUOqobFA-unsplash-1024x683.jpg 1024w, https:\/\/neuronesfregides.cat\/wp-content\/uploads\/2024\/02\/shelagh-murphy-xy1oUOqobFA-unsplash-768x512.jpg 768w, https:\/\/neuronesfregides.cat\/wp-content\/uploads\/2024\/02\/shelagh-murphy-xy1oUOqobFA-unsplash-1536x1024.jpg 1536w, https:\/\/neuronesfregides.cat\/wp-content\/uploads\/2024\/02\/shelagh-murphy-xy1oUOqobFA-unsplash-2048x1365.jpg 2048w, https:\/\/neuronesfregides.cat\/wp-content\/uploads\/2024\/02\/shelagh-murphy-xy1oUOqobFA-unsplash-600x400.jpg 600w, https:\/\/neuronesfregides.cat\/wp-content\/uploads\/2024\/02\/shelagh-murphy-xy1oUOqobFA-unsplash-1200x800.jpg 1200w\" sizes=\"auto, (max-width: 558px) 100vw, 558px\" \/><\/p>\n<p>El futur est\u00e0 marcat pels reptes socials a qu\u00e8 ens enfrontem avui en dia: lluita contra el c\u00e0ncer, intel\u00b7lig\u00e8ncia artificial, etc. <strong>Els i les joves serem qui en viurem les conseq\u00fc\u00e8ncies<\/strong>, aix\u00ed que tenim molt a dir sobre com responem a aquests reptes. Hem muntat una activitat dirigida especialment a joves on descobrirem com la ci\u00e8ncia s\u2019enfronta a alguns d\u2019aquests reptes a trav\u00e9s de la mirada d\u2019investigadors joves, i on <strong>volem crear una taula rodona-debat obert sobre el paper que tenim les joves en la ci\u00e8ncia<\/strong> i tot el que tenim a aportar-hi. <strong>Molaria molt\u00edssim que us hi vingu\u00e9ssiu<\/strong>!<\/p>\n<p>Ho farem al Centre C\u00edvic Guinard\u00f3, el dia 14 de febrer de 18 a 20. Us hi heu d&#8217;inscriure amb antelaci\u00f3 <a href=\"https:\/\/guinardo.inscripcionscc.com\/MiramModular\/buscador\/buscador.jsp?g=1&amp;c=37&amp;a=3076\">en aquest enlla\u00e7<\/a>.<\/p>\n<p>Hi participarem en Toni, l&#8217;Agn\u00e8s, en Quim i en Miquel. Si voleu saber qui som, aqu\u00ed ho teniu!<\/p>\n<blockquote><p><strong>Toni Bert\u00f3lez<\/strong>, f\u00edsic i investigador predoctoral de l&#8217;Institut de Ci\u00e8ncies del Cosmos (ICCUB), especialitzat en f\u00edsica de part\u00edcules, i divulgador cient\u00edfic a Del buit al tot.<\/p>\n<p><strong>Agn\u00e8s P\u00e9rez<\/strong>, f\u00edsica especialitzada en models matem\u00e0tics aplicats a malalties neurodegeneratives.<\/p>\n<p><strong>Quim Frigola<\/strong>, matem\u00e0tic i f\u00edsic i investigador predoctoral de l&#8217;European Molecular Biology Laboratory (EMBL), especialitzat en modelitzaci\u00f3 matem\u00e0tica de sistemes biol\u00f2gics i divulgador cient\u00edfic a Ci\u00e8ncia Oberta<\/p>\n<p><strong>Miquel Bosch<\/strong>, enginyer f\u00edsic i investigador predoctoral a l&#8217;Institut de Bioenginyeria de Catalunya (IBEC), especialitzat en biof\u00edsica i mecanobiologia<\/p><\/blockquote>\n<p>&nbsp;<\/p>\n<p>Imatge de cap\u00e7alera: Shelagh Murphy on Unsplash<\/p>\n","protected":false},"excerpt":{"rendered":"<p>&nbsp; El futur est\u00e0 marcat pels reptes socials a qu\u00e8 ens enfrontem avui en dia: lluita contra el c\u00e0ncer, intel\u00b7lig\u00e8ncia artificial, etc. Els i les joves serem qui en viurem [&hellip;]<\/p>\n","protected":false},"author":1,"featured_media":0,"comment_status":"open","ping_status":"closed","template":"","meta":{"_EventAllDay":false,"_EventTimezone":"UTC+1","_EventStartDate":"2024-02-14 18:00:00","_EventEndDate":"2024-02-14 20:00:00","_EventStartDateUTC":"2024-02-14 17:00:00","_EventEndDateUTC":"2024-02-14 19:00:00","_EventShowMap":true,"_EventShowMapLink":true,"_EventURL":"https:\/\/ajuntament.barcelona.cat\/ccivics\/guinardo\/som-el-futur-els-i-les-joves-parlem-de-la-ciencia\/","_EventCost":"0","_EventCostDescription":"","_EventCurrencySymbol":"","_EventCurrencyCode":"","_EventCurrencyPosition":"prefix","_EventDateTimeSeparator":"","_EventTimeRangeSeparator":"","_EventOrganizerID":[213],"_EventVenueID":[212],"_OrganizerEmail":"","_OrganizerPhone":"","_OrganizerWebsite":"","_VenueAddress":"","_VenueCity":"","_VenueCountry":"","_VenueProvince":"","_VenueState":"","_VenueZip":"","_VenuePhone":"","_VenueURL":"","_VenueStateProvince":"","_VenueLat":"","_VenueLng":"","_VenueShowMap":false,"_VenueShowMapLink":false,"_tribe_events_status":"","_tribe_events_status_reason":"","footnotes":""},"tags":[],"tribe_events_cat":[],"class_list":["post-210","tribe_events","type-tribe_events","status-publish","hentry"],"_links":{"self":[{"href":"https:\/\/neuronesfregides.cat\/index.php\/wp-json\/wp\/v2\/tribe_events\/210","targetHints":{"allow":["GET"]}}],"collection":[{"href":"https:\/\/neuronesfregides.cat\/index.php\/wp-json\/wp\/v2\/tribe_events"}],"about":[{"href":"https:\/\/neuronesfregides.cat\/index.php\/wp-json\/wp\/v2\/types\/tribe_events"}],"author":[{"embeddable":true,"href":"https:\/\/neuronesfregides.cat\/index.php\/wp-json\/wp\/v2\/users\/1"}],"replies":[{"embeddable":true,"href":"https:\/\/neuronesfregides.cat\/index.php\/wp-json\/wp\/v2\/comments?post=210"}],"version-history":[{"count":0,"href":"https:\/\/neuronesfregides.cat\/index.php\/wp-json\/wp\/v2\/tribe_events\/210\/revisions"}],"wp:attachment":[{"href":"https:\/\/neuronesfregides.cat\/index.php\/wp-json\/wp\/v2\/media?parent=210"}],"wp:term":[{"taxonomy":"post_tag","embeddable":true,"href":"https:\/\/neuronesfregides.cat\/index.php\/wp-json\/wp\/v2\/tags?post=210"},{"taxonomy":"tribe_events_cat","embeddable":true,"href":"https:\/\/neuronesfregides.cat\/index.php\/wp-json\/wp\/v2\/tribe_events_cat?post=210"}],"curies":[{"name":"wp","href":"https:\/\/api.w.org\/{rel}","templated":true}]}}

Som el futur: els i les joves parlem de la ciència

<p>&nbsp;</p>
<p><img loading="lazy" decoding="async" class="wp-image-211 aligncenter" src="http://neuronesfregides.cat/wp-content/uploads/2024/02/shelagh-murphy-xy1oUOqobFA-unsplash-300x200.jpg" alt="" width="558" height="372" srcset="https://neuronesfregides.cat/wp-content/uploads/2024/02/shelagh-murphy-xy1oUOqobFA-unsplash-300x200.jpg 300w, https://neuronesfregides.cat/wp-content/uploads/2024/02/shelagh-murphy-xy1oUOqobFA-unsplash-1024x683.jpg 1024w, https://neuronesfregides.cat/wp-content/uploads/2024/02/shelagh-murphy-xy1oUOqobFA-unsplash-768x512.jpg 768w, https://neuronesfregides.cat/wp-content/uploads/2024/02/shelagh-murphy-xy1oUOqobFA-unsplash-1536x1024.jpg 1536w, https://neuronesfregides.cat/wp-content/uploads/2024/02/shelagh-murphy-xy1oUOqobFA-unsplash-2048x1365.jpg 2048w, https://neuronesfregides.cat/wp-content/uploads/2024/02/shelagh-murphy-xy1oUOqobFA-unsplash-600x400.jpg 600w, https://neuronesfregides.cat/wp-content/uploads/2024/02/shelagh-murphy-xy1oUOqobFA-unsplash-1200x800.jpg 1200w" sizes="auto, (max-width: 558px) 100vw, 558px" /></p>
<p>El futur està marcat pels reptes socials a què ens enfrontem avui en dia: lluita contra el càncer, intel·ligència artificial, etc. <strong>Els i les joves serem qui en viurem les conseqüències</strong>, així que tenim molt a dir sobre com responem a aquests reptes. Hem muntat una activitat dirigida especialment a joves on descobrirem com la ciència s’enfronta a alguns d’aquests reptes a través de la mirada d’investigadors joves, i on <strong>volem crear una taula rodona-debat obert sobre el paper que tenim les joves en la ciència</strong> i tot el que tenim a aportar-hi. <strong>Molaria moltíssim que us hi vinguéssiu</strong>!</p>
<p>Ho farem al Centre Cívic Guinardó, el dia 14 de febrer de 18 a 20. Us hi heu d&#8217;inscriure amb antelació <a href="https://guinardo.inscripcionscc.com/MiramModular/buscador/buscador.jsp?g=1&amp;c=37&amp;a=3076">en aquest enllaç</a>.</p>
<p>Hi participarem en Toni, l&#8217;Agnès, en Quim i en Miquel. Si voleu saber qui som, aquí ho teniu!</p>
<blockquote><p><strong>Toni Bertólez</strong>, físic i investigador predoctoral de l&#8217;Institut de Ciències del Cosmos (ICCUB), especialitzat en física de partícules, i divulgador científic a Del buit al tot.</p>
<p><strong>Agnès Pérez</strong>, física especialitzada en models matemàtics aplicats a malalties neurodegeneratives.</p>
<p><strong>Quim Frigola</strong>, matemàtic i físic i investigador predoctoral de l&#8217;European Molecular Biology Laboratory (EMBL), especialitzat en modelització matemàtica de sistemes biològics i divulgador científic a Ciència Oberta</p>
<p><strong>Miquel Bosch</strong>, enginyer físic i investigador predoctoral a l&#8217;Institut de Bioenginyeria de Catalunya (IBEC), especialitzat en biofísica i mecanobiologia</p></blockquote>
<p>&nbsp;</p>
<p>Imatge de capçalera: Shelagh Murphy on Unsplash</p>

<p>&nbsp; El futur està marcat pels reptes socials a què ens enfrontem avui en dia: lluita contra el càncer, intel·ligència artificial, etc. Els i les joves serem qui en viurem [&hellip;]</p>
