{"id":530,"date":"2025-06-11T18:08:25","date_gmt":"2025-06-11T18:08:25","guid":{"rendered":"https:\/\/neuronesfregides.cat\/?post_type=tribe_events&#038;p=530"},"modified":"2025-06-11T18:08:25","modified_gmt":"2025-06-11T18:08:25","slug":"neurogresca-ciencia-show-i-humor","status":"publish","type":"tribe_events","link":"https:\/\/neuronesfregides.cat\/index.php\/event\/neurogresca-ciencia-show-i-humor\/","title":{"rendered":"Neurogresca: ci\u00e8ncia, show i humor"},"content":{"rendered":"","protected":false},"excerpt":{"rendered":"<p>A partir de les 18 h, la Neurogresca obrir\u00e0 les portes a una jornada pensada per a tots els p\u00fablics, amb un programa que combina humor, ci\u00e8ncia i interacci\u00f3. El plat fort arrencar\u00e0 a les 18.30 h amb La Nit de PowerPoints, un format din\u00e0mic on creadors de contingut com Gori Masip, El Dolcet Pal Caf\u00e8, Anna Molinet, Andrea Arnal i La Semproniana oferiran presentacions breus, creatives i amb un toc d\u2019humor, explorant la ci\u00e8ncia i m\u00e9s enll\u00e0 des de perspectives originals.<\/p>\n<p>A les 19.45 h, l\u2019equip de Neurones Fregides pujar\u00e0 a l\u2019escenari per fer balan\u00e7 dels seus quatre anys de traject\u00f2ria i compartir les novetats que estan cuinant. Un moment clau per con\u00e8ixer de primera m\u00e0 la visi\u00f3 d\u2019aquesta comunitat que ha sabut apropar la ci\u00e8ncia al p\u00fablic catalanoparlant amb rigor i un estil propi.<\/p>\n<p>La vetllada continuar\u00e0 a les 20.00 h amb el mon\u00f2leg de Godai Garcia, conegut pel seu projecte &#8216;Les coses que creixen,&#8217; una s\u00e8rie que barreja divulgaci\u00f3 sobre la natura amb l\u2019humor caracter\u00edstic del c\u00f2mic d\u2019&#8217;stand-up&#8217;. A les 20.30 h, arriba el moment de posar a prova el coneixement amb un macrotrivial cient\u00edfic, una activitat interactiva que promet desafiar les neurones dels assistents i garantir rialles.<\/p>\n<p>Per arrodonir la jornada, la Neurogresca tancar\u00e0 amb l\u2019espai de sinapsi, un temps dedicat a la xarxa i la connexi\u00f3 entre els assistents, on es podran compartir idees, experi\u00e8ncies i, per qu\u00e8 no, algun somriure mentre es fa comunitat al voltant de la ci\u00e8ncia.<\/p>\n","protected":false},"author":1,"featured_media":0,"comment_status":"open","ping_status":"closed","template":"","meta":{"_EventAllDay":false,"_EventTimezone":"UTC+0","_EventStartDate":"2025-05-16 18:30:00","_EventEndDate":"2025-05-16 22:00:00","_EventStartDateUTC":"2025-05-16 18:30:00","_EventEndDateUTC":"2025-05-16 22:00:00","_EventShowMap":false,"_EventShowMapLink":false,"_EventURL":"","_EventCost":"","_EventCostDescription":"","_EventCurrencySymbol":"","_EventCurrencyCode":"","_EventCurrencyPosition":"prefix","_EventDateTimeSeparator":"","_EventTimeRangeSeparator":"","_EventOrganizerID":[],"_EventVenueID":[212],"_OrganizerEmail":"","_OrganizerPhone":"","_OrganizerWebsite":"","_VenueAddress":"","_VenueCity":"","_VenueCountry":"","_VenueProvince":"","_VenueState":"","_VenueZip":"","_VenuePhone":"","_VenueURL":"","_VenueStateProvince":"","_VenueLat":"","_VenueLng":"","_VenueShowMap":false,"_VenueShowMapLink":false,"_tribe_events_status":"","_tribe_events_status_reason":"","footnotes":""},"tags":[],"tribe_events_cat":[],"class_list":["post-530","tribe_events","type-tribe_events","status-publish","hentry"],"_links":{"self":[{"href":"https:\/\/neuronesfregides.cat\/index.php\/wp-json\/wp\/v2\/tribe_events\/530","targetHints":{"allow":["GET"]}}],"collection":[{"href":"https:\/\/neuronesfregides.cat\/index.php\/wp-json\/wp\/v2\/tribe_events"}],"about":[{"href":"https:\/\/neuronesfregides.cat\/index.php\/wp-json\/wp\/v2\/types\/tribe_events"}],"author":[{"embeddable":true,"href":"https:\/\/neuronesfregides.cat\/index.php\/wp-json\/wp\/v2\/users\/1"}],"replies":[{"embeddable":true,"href":"https:\/\/neuronesfregides.cat\/index.php\/wp-json\/wp\/v2\/comments?post=530"}],"version-history":[{"count":0,"href":"https:\/\/neuronesfregides.cat\/index.php\/wp-json\/wp\/v2\/tribe_events\/530\/revisions"}],"wp:attachment":[{"href":"https:\/\/neuronesfregides.cat\/index.php\/wp-json\/wp\/v2\/media?parent=530"}],"wp:term":[{"taxonomy":"post_tag","embeddable":true,"href":"https:\/\/neuronesfregides.cat\/index.php\/wp-json\/wp\/v2\/tags?post=530"},{"taxonomy":"tribe_events_cat","embeddable":true,"href":"https:\/\/neuronesfregides.cat\/index.php\/wp-json\/wp\/v2\/tribe_events_cat?post=530"}],"curies":[{"name":"wp","href":"https:\/\/api.w.org\/{rel}","templated":true}]}}

Neurogresca: ciència, show i humor

<p>A partir de les 18 h, la Neurogresca obrirà les portes a una jornada pensada per a tots els públics, amb un programa que combina humor, ciència i interacció. El plat fort arrencarà a les 18.30 h amb La Nit de PowerPoints, un format dinàmic on creadors de contingut com Gori Masip, El Dolcet Pal Cafè, Anna Molinet, Andrea Arnal i La Semproniana oferiran presentacions breus, creatives i amb un toc d’humor, explorant la ciència i més enllà des de perspectives originals.</p>
<p>A les 19.45 h, l’equip de Neurones Fregides pujarà a l’escenari per fer balanç dels seus quatre anys de trajectòria i compartir les novetats que estan cuinant. Un moment clau per conèixer de primera mà la visió d’aquesta comunitat que ha sabut apropar la ciència al públic catalanoparlant amb rigor i un estil propi.</p>
<p>La vetllada continuarà a les 20.00 h amb el monòleg de Godai Garcia, conegut pel seu projecte &#8216;Les coses que creixen,&#8217; una sèrie que barreja divulgació sobre la natura amb l’humor característic del còmic d’&#8217;stand-up&#8217;. A les 20.30 h, arriba el moment de posar a prova el coneixement amb un macrotrivial científic, una activitat interactiva que promet desafiar les neurones dels assistents i garantir rialles.</p>
<p>Per arrodonir la jornada, la Neurogresca tancarà amb l’espai de sinapsi, un temps dedicat a la xarxa i la connexió entre els assistents, on es podran compartir idees, experiències i, per què no, algun somriure mentre es fa comunitat al voltant de la ciència.</p>
